(-3).
2, 11813
Let s(q) = 9*q**2 - 174*q - 161. What are the prime factors of s(-33)?
2, 7691
Let l = -2412 - -2682. Suppose -4*v + 169 = -5*v. Let t = v + l. List the prime factors of t.
101
Let f be (-2)/(-5) - 7*(-6)/(-105). Suppose f = 2*w - 3*y - 220, 125 = 2*w + 5*y - 95. List the prime factors of w.
2, 5, 11
Let i be 20/((-21)/(-6) + -3). Suppose 21*f + 4*z = 22*f - 59, -5*z - 55 = -f. Let t = f - i. What are the prime factors of t?
5, 7
Let r = -19 + 30. Suppose -r*s = -4010 - 1666. Suppose 6*h - s = -0*h. What are the prime factors of h?
2, 43
Let j(y) = 6*y**2 + 4*y + 10. Let v be j(-4). Let h be ((-8)/20)/((-3)/v). Suppose 2*b - 28 = -h*b. What are the prime factors of b?
2
Suppose 480775 = 47*j - 331620. List the prime factors of j.
5, 3457
Suppose -3*i + 35994 = -2*t, 63*t = 3*i + 65*t - 36018. What are the prime factors of i?
2, 17, 353
Suppose 4*o - 31468 = -3*g, 5*g - 68*o - 52462 = -67*o. What are the prime factors of g?
2, 43, 61
Suppose -14*a - 89870 = -249050. What are the prime factors of a?
2, 3, 5, 379
Let w(z) be the second derivative of 73*z**3/6 - 3*z**2/2 + z + 11. List the prime factors of w(1).
2, 5, 7
Suppose 0 = 6*a - 94 + 40. Suppose 2909 + 2311 = a*c. List the prime factors of c.
2, 5, 29
Let g(o) = -o**3 + 23*o**2 + o + 28. Let k be 20/120 + 131/6. Suppose k + 102 = 5*i - 3*u, -72 = -3*i + u. List the prime factors of g(i).
3, 17
Suppose 1159*b = 1181*b - 218152. List the prime factors of b.
2, 37, 67
Let f be -5*(-4 + 1) - (-4 - -9). Let p(m) = 6*m**2 - m - 56. List the prime factors of p(f).
2, 3, 89
Suppose -3*g = 2*o - 529, -o - 3*g + 236 = -24. Let s = 255 + o. List the prime factors of s.
2, 131
Suppose 36*t = 26364 + 20328. What are the prime factors of t?
1297
Let v = 68 + -64. Suppose -v*n + 101 = -491. List the prime factors of n - 3 - (-2 + (2 - 0)).
5, 29
Let j be (-51)/12*(-24)/(-2). Let c = j - -53. Suppose -3*u = c*g - 108, -2*g + 0*u + 4*u = -136. List the prime factors of g.
2, 3, 5
List the prime factors of (-25463)/(-5) - 16/10.
3, 1697
Suppose 0 = -4*s - 11459 + 35279. List the prime factors of s.
3, 5, 397
Let u(j) = -j**3 + 6*j**2 - 3*j - 13. Let i be u(5). What are the prime factors of 2460/i*(-32)/80?
2, 41
Let l = -517 - -519. What are the prime factors of l + 27050/40 - 10/8?
677
Let s(h) = 4*h**3 + 5*h**2 - 3*h - 1. Let p(v) = -18*v - 12 + 16*v + 11*v - 30. Let f be p(5). What are the prime factors of s(f)?
11, 13
Suppose 0 = 5*z - 8*q - 11169 - 34908, 2*z + 2*q = 18436. What are the prime factors of z?
13, 709
Let o(x) = x**3 - 92*x**2 - 146*x + 916. What are the prime factors of o(98)?
2, 3, 19, 97
Let n(o) = o**2 + 18*o - 2. Let r be n(-18). Let q be 21*r/3*10/(-4). Suppose -2*i + 5*z = -478, 5*i - 1133 = -z + q. What are the prime factors of i?
2, 3, 13
Suppose -5*f - 16 = -6, n - 3*f - 22662 = 0. What are the prime factors of n?
2, 3, 59
Let x(y) = -2*y. Let j be 2/(-4)*4 - 0. Let z be x(j). Suppose 8 = 5*m - z*l, 31 = 4*m + l + 4*l. List the prime factors of m.
2
Let k(r) = 2*r**2 - 34*r - 62. Let i be ((-84)/(-168))/(1/46). List the prime factors of k(i).
2, 107
Suppose -25370 = 4*d + 12*o - 10*o, -5 = -5*o. List the prime factors of d/(-9) + 44/198.
3, 5, 47
Let x = 83 - 85. Let p(g) = 3*g**3 + 4*g**2 + 3*g + 2. Let a be p(x). List the prime factors of -84*(0 - (-8)/a).
2, 7
Suppose 0 = 13*y - 17*y. Suppose b + 2*n + 145 = y, -5*n - 142 = -2*b + 3*b. Let i = -79 - b. List the prime factors of i.
2, 17
Let q(r) = -4054*r**3 + 6*r**2 + 12*r + 7. List the prime factors of q(-1).
5, 811
Suppose 4 = -4*v - 0, -5*l + 51 = -v. Suppose 0 = 5*a + 5*i + 15, l = 2*i - 0*i. List the prime factors of 6/a - (-492)/16.
2, 3, 5
What are the prime factors of (21215/2)/((-85)/(-102))?
3, 4243
Suppose -2*j = 0, -3*z - 5*j + 12 = -0*z. List the prime factors of 4545/6 + z/8.
2, 379
Let b(j) = -4*j**3 + 5*j + 3. Let x(t) = -3*t**3 + 6*t + 1. Let v(m) = 2*b(m) - 3*x(m). Suppose 0*u - 4*u + 16 = 0. List the prime factors of v(u).
5, 7
Suppose 2*g = -5*p + 417, 2*g - 879 = -2*g + 5*p. Suppose 0*a - g = -4*a. What are the prime factors of (a - -2)*(-1)/(-2)?
2, 7
Suppose -3*j - 32*p + 8025 = -31*p, j + 2*p - 2675 = 0. What are the prime factors of j?
5, 107
Let k be (5/(-4)*2)/(4/(-8)). Let i(w) = 152*w - 82. List the prime factors of i(k).
2, 3, 113
Let c be (-13606)/(-4) + 6/(-12). Suppose c + 6346 = 9*s. List the prime factors of s.
3, 19
Let q(y) = 130*y**2 - 11*y - 3. Let c(l) = 2*l**3 - 47*l**2 - 23*l - 26. Let m be c(24). What are the prime factors of q(m)?
7, 11
Suppose -2*n + 2*r + 0*r + 4 = 0, 0 = -3*n - 4*r + 6. Suppose 4 + 4 = n*x. Suppose v - 20 = -0*v + x*s, 0 = 3*v + s - 34. What are the prime factors of v?
2, 3
Let a(d) = -d**2 - 19*d - 12. Suppose 3*w + 39 = -5*r, 5*r = 3*w - 0*w + 69. Let z be a(w). Suppose 0 = z*g - 10*g + 144. What are the prime factors of g?
2, 3
Let z be (-9 - (-230)/30)/(2/(-36)). Let p = 39 - z. What are the prime factors of p?
3, 5
Suppose -4*b + 3724 = -2*z + 4*z, -2*b = 5*z - 1846. Let o = b - 595. List the prime factors of o.
2, 13
Let o be (-79728)/(-40) - 8/(-10). Suppose -4*p + 5*d + o = 0, 3*p - 1492 = -d + 3*d. List the prime factors of p.
2, 31
Let y(j) = -j**3 - 4*j**2 + 1. Let c be y(-4). Let x be 3 + c + 4 + -4. Suppose x*m + 330 = 9*m. List the prime factors of m.
2, 3, 11
Suppose -7*i - 7*i = -373992 - 106628. What are the prime factors of i?
2, 5, 3433
Suppose 3 = 4*q + 5*s - 6, s - 1 = 0. Let r(j) = 343*j - 14. What are the prime factors of r(q)?
7, 47
Let f = 9029 - -5708. List the prime factors of f.
14737
Suppose -c = 3*c + 8, -28 = -2*l + 5*c. Let h = 129 + -76. Let i = h - l. List the prime factors of i.
2, 11
Let t = -82 - -241. Let p = t - 72. Let y = p - 23. List the prime factors of y.
2
Suppose -r - 57545 = -2*j, 229*r - 228*r - 115075 = -4*j. What are the prime factors of j?
2, 3, 5, 7, 137
Let i(d) = 14*d - 5. Suppose -92 = 11*k - 7*k. Let n = k + 28. What are the prime factors of i(n)?
5, 13
Let q(n) = -n**3 - 1. Let j(l) = -6*l**3 + 8*l**2 - 11*l + 5. Let r(z) = -j(z) + 5*q(z). Let b be r(9). Suppose 10*h - 540 = b. What are the prime factors of h?
71
Suppose 56*y + 2*a = 53*y + 19914, -3*a = 3*y - 19917. What are the prime factors of y?
2, 3, 7, 79
Let x be (-78)/(-195) + (-13)/(-5). List the prime factors of x/6*-5*-138.
3, 5, 23
Let o(x) = x + 30. Let r = -8 + 11. Suppose -r*z + 5 - 32 = 0. List the prime factors of o(z).
3, 7
Suppose 0 = -5*m - 2*v - v + 9, 5*m + 5*v = 5. Suppose m*l - 317 = -i, 2*l - 3*l = -4*i + 1333. What are the prime factors of i?
2, 83
Suppose 3*h = -3*f, 3*h = h - 5*f. Suppose 4*t - 2284 = -3*c - 0*t, 0 = 5*c - 3*t - 3768. Suppose h = -m - 6*m + c. List the prime factors of m.
2, 3
Let r be 1/((-152)/52 - (0 + -3)). Suppose 0 = r*n - 8*n - 140. Let u = 100 + n. What are the prime factors of u?
2
Let a = -467 - -401. List the prime factors of 1054/((-8)/(-21) - a/231).
3, 17, 31
Suppose 3*m - 33 = -3*t, -4*t = -5*m + 2*m - 23. Let d = -2895 - -4862. Suppose -d = y - t*y. What are the prime factors of y?
281
Let m = 108418 - 15462. What are the prime factors of m?
2, 17, 1367
Let g(l) = 2*l + 9*l + 2 + 11 + 6. List the prime factors of g(9).
2, 59
Let l(c) = -c**3 - 4*c - 15. Let y be l(0). Let w(h) = -4*h**2 - 77*h + 10. What are the prime factors of w(y)?
5, 53
Suppose 0 = 6*v + 6*v - 319452. Suppose 0 = -21*n + 1834 + v. What are the prime factors of n?
5, 271
Suppose -85*q = -423*q + 7022964. What are the prime factors of q?
2, 3, 3463
Let m(g) = -3*g**3 + 308*g**2 - 166*g + 66. List the prime factors of m(102).
2, 3, 73
Let x(b) = -41 + 28*b + 26 - 78. What are the prime factors of x(28)?
691
What are the prime factors of (18/(-15))/(0 + 9/(-121830))?
2, 31, 131
Let g = -4921 - -13590. List the prime factors of g.
8669
List the prime factors of (-9223212)/(-1110) - 1/5.
7, 1187
Suppose -b + 17 = 5*x, 2*x - 182 = b - 178. Let q be (-1 - -2) + 69*1. What are the prime factors of (q/21)/(x/72)?
2, 5
Let q(d) = -4447*d - 3119. List the prime factors of q(-11).
2, 3, 17, 449
Let j(x) = -29*x + 23*x**2 - x**3 + 14*x - 64 - 6*x. List the prime factors of j(16).
2, 3, 29
Let m be ((-6)/4)/((-3)/6). Let w(k) = -9 - 2*k + 74*k + 0 - 12 - 4. What are the prime factors of w(m)?
191
Suppose -640226 = -51*y 